{"id":10,"date":"2013-06-16T11:00:55","date_gmt":"2013-06-16T11:00:55","guid":{"rendered":"http:\/\/www.guttared.com\/?page_id=10"},"modified":"2017-08-24T15:39:56","modified_gmt":"2017-08-24T15:39:56","slug":"hem","status":"publish","type":"page","link":"https:\/\/www.guttared.com\/","title":{"rendered":"Hem"},"content":{"rendered":"<h2 style=\"text-align: center;\">V\u00e4lkommen till Guttared.com<\/h2>\n<p style=\"text-align: center;\">Niklas Ljungberg startade firman \u00e5r 2000.<br \/>\nM\u00e5let \u00e4r att ta fram bra produkter.<br \/>\nAtt kunna erbjuda produkter och tj\u00e4nster med h\u00f6g kvalit\u00e9 och f\u00e5 n\u00f6jda kunder.<br \/>\n2010 blev Niklas godk\u00e4nd efters\u00f6ksj\u00e4gare \u00e5t Polisen p\u00e5 trafikskadat vilt.<\/p>\n<div align=\"center\">\n<div style=\"width: 40%; padding: 0 10px 0 0; float: left;\"><a href=\"https:\/\/www.guttared.com\/?page_id=36\"><img decoding=\"async\" loading=\"lazy\" class=\"wp-image-77 alignleft\" src=\"https:\/\/www.guttared.com\/wp-content\/uploads\/2013\/09\/tuxpi.com_.produkter-300x262.jpg\" alt=\"tuxpi.com.produkter\" width=\"390\" height=\"300\" \/><br \/>\n<\/a><\/div>\n<div style=\"width: 40%; padding: 0 30px 0 0; float: right;\"><a href=\"https:\/\/www.guttared.com\/?page_id=65\"><img decoding=\"async\" loading=\"lazy\" class=\" wp-image-78 aligncenter\" src=\"https:\/\/www.guttared.com\/wp-content\/uploads\/2013\/09\/tuxpi.com_.tjanster-300x237.jpg\" alt=\"tuxpi.com.tjanster\" width=\"390\" height=\"300\" \/><\/a><\/div>\n<\/div>\n","protected":false},"excerpt":{"rendered":"<p>V\u00e4lkommen till Guttared.com Niklas Ljungberg startade firman \u00e5r 2000. M\u00e5let \u00e4r att ta fram bra produkter. Att kunna erbjuda produkter och tj\u00e4nster med h\u00f6g kvalit\u00e9 och f\u00e5 n\u00f6jda kunder. 2010 blev Niklas godk\u00e4nd efters\u00f6ksj\u00e4gare \u00e5t Polisen p\u00e5 trafikskadat vilt.<\/p>\n","protected":false},"author":1,"featured_media":403,"parent":0,"menu_order":0,"comment_status":"closed","ping_status":"closed","template":"","meta":[],"_links":{"self":[{"href":"https:\/\/www.guttared.com\/index.php?rest_route=\/wp\/v2\/pages\/10"}],"collection":[{"href":"https:\/\/www.guttared.com\/index.php?rest_route=\/wp\/v2\/pages"}],"about":[{"href":"https:\/\/www.guttared.com\/index.php?rest_route=\/wp\/v2\/types\/page"}],"author":[{"embeddable":true,"href":"https:\/\/www.guttared.com\/index.php?rest_route=\/wp\/v2\/users\/1"}],"replies":[{"embeddable":true,"href":"https:\/\/www.guttared.com\/index.php?rest_route=%2Fwp%2Fv2%2Fcomments&post=10"}],"version-history":[{"count":32,"href":"https:\/\/www.guttared.com\/index.php?rest_route=\/wp\/v2\/pages\/10\/revisions"}],"predecessor-version":[{"id":389,"href":"https:\/\/www.guttared.com\/index.php?rest_route=\/wp\/v2\/pages\/10\/revisions\/389"}],"wp:featuredmedia":[{"embeddable":true,"href":"https:\/\/www.guttared.com\/index.php?rest_route=\/wp\/v2\/media\/403"}],"wp:attachment":[{"href":"https:\/\/www.guttared.com\/index.php?rest_route=%2Fwp%2Fv2%2Fmedia&parent=10"}],"curies":[{"name":"wp","href":"https:\/\/api.w.org\/{rel}","templated":true}]}}